(i) = 224*i**3 - 6*i**2 + 5*i + 2. List the prime factors of s(1).
3, 5
Let j be ((-4)/(-6))/(8/48). What are the prime factors of 4*(j - (-20)/(-8))?
2, 3
Let p = 1370 + -659. List the prime factors of p.
3, 79
Let d be 3/((1 - 2)*1). Suppose -5*b = -0*b + 2*y - 5, -2*b + y = -11. What are the prime factors of b + d + 20 + 2?
2, 11
Suppose -2*d + 5*n = -8, 4*d + 0*n = -3*n + 16. Let v = 87 - -29. Suppose 0 = -d*l - 0*l + v. List the prime factors of l.
29
Suppose 4*v = 8, 3*t - 5*v = -0 + 5. Suppose 3*m = 5*l - 320, 39 = t*m + 14. Let g = l - 1. What are the prime factors of g?
2, 3, 11
Suppose -2*j = 5*b - 3*j - 5, 4*b + 5*j = 33. Suppose -w + 9 = b*w. What are the prime factors of w?
3
Let b = 107 - 76. Let k = 48 - b. List the prime factors of k.
17
Suppose -5*z - 3*p + 4*p + 2006 = 0, 5*z - 2*p = 2007. What are the prime factors of z?
401
Let v(h) = -h**2 - 2*h - 1. Let m(k) = k. Let f(b) = -4*m(b) - 3*v(b). Let o(z) = -6*z + 22. Let i be o(4). List the prime factors of f(i).
11
Let h(s) = 3*s**3 - 12*s**2 + 2. Let m(d) = -d**3. Let x(j) = -h(j) - 2*m(j). Let i be x(6). List the prime factors of (-3)/(-5) + i/10.
2, 11
Let c(v) be the first derivative of v**4/4 + 3*v**3 + 7*v**2/2 + 4*v + 5. Let d be 8/((-3)/((-6)/(-2))). What are the prime factors of c(d)?
2, 3
Suppose 5*s + 98 = c, -s = 4*c - 5*c + 114. What are the prime factors of c?
2, 59
Suppose 0 = -5*h + 69 + 51. Let p be 2/((h/9)/(-4)). What are the prime factors of (-80)/24*p/2?
5
List the prime factors of (-1476)/(-12) - (2 - 3).
2, 31
Let n = -2 + 6. Suppose -312 = -3*m + n*h, 4*m - 3*m - 104 = -2*h. List the prime factors of m.
2, 13
Suppose -2*k = -2*a - 574, -2*k - 3*k = 5*a - 1485. What are the prime factors of k?
2, 73
Let h = 791 + -541. List the prime factors of h.
2, 5
Let i(g) = 2*g**2 + 8*g - 10. Let q be i(-7). Suppose 88 + q = 5*h. List the prime factors of h.
2, 3
Suppose m + 30 = -4*m. Let z(w) = -w**3 - 7*w**2 - 7*w + 4. Let f be z(m). Suppose 10 = 4*i - f, -5*v - i = -40. What are the prime factors of v?
7
Suppose 2*n = -5*r + 13 + 415, -n = -3*r - 192. What are the prime factors of n?
2, 3, 17
What are the prime factors of 10/(-3)*-46 + 8/(-6)?
2, 19
Suppose -g = -11 - 12. Let p(f) = 5 - g*f - 11 + 8*f**2 - f**3 + 15*f. What are the prime factors of p(6)?
2, 3
Suppose -7*k + 640 + 2055 = 0. Suppose -9*l + k + 1856 = 0. List the prime factors of l.
3, 83
Suppose 5*s - 240 = 2*d, 0 = -5*s - 5*d + 323 - 83. Let q = s + 103. List the prime factors of q.
151
Suppose -m - 39 = 3*a - 1, -m - 8 = -3*a. Let z = m + 50. List the prime factors of z.
3
Suppose -5*g = d - 379, -5*g = 3*d - 0*g - 1187. What are the prime factors of d?
2, 101
Suppose 88 = -r - r. Let t be 1*(-4)/(-2 + 3). What are the prime factors of (r/(-2))/(t/(-6))?
3, 11
Suppose 3*h - 105 - 855 = 0. Let a = h + -216. List the prime factors of a.
2, 13
Suppose 7740 = 2*n + 3*n. List the prime factors of n.
2, 3, 43
Suppose j + 0*s - 5*s = 3, -2*j + 6 = 3*s. Let p(x) = -4*x - 4. Let t be p(-1). Suppose 3*m - 48 = 3*u, t*m = j*m + 5*u - 8. What are the prime factors of m?
11
Suppose -22 = -2*k - 18. Let f(u) = 39*u - 1. What are the prime factors of f(k)?
7, 11
What are the prime factors of (-216)/(-90)*(-10480)/(-12)?
2, 131
Let f(x) = 2*x**3 - 12*x**2 + 7*x - 45. List the prime factors of f(8).
3, 89
Suppose 2*n + 0 = 8. Suppose -2*a + 3*x - 12 = 0, 7*x = 12*x. Let r = n - a. What are the prime factors of r?
2, 5
Let n(c) = -c**2 - 7 - 3 - 2*c + 5 + 4*c**3 - 4. Let q(v) = 5*v**3 - v**2 - 3*v - 9. Let s(p) = -4*n(p) + 3*q(p). What are the prime factors of s(0)?
3
Let j = -1858 + 3821. List the prime factors of j.
13, 151
Suppose 549 - 2830 = -5*u + 3*p, -3*p = 4*u - 1841. List the prime factors of u.
2, 229
Let y(p) = 594*p - 124. What are the prime factors of y(4)?
2, 563
List the prime factors of 8 - (2 + 8) - 64/(-1).
2, 31
What are the prime factors of ((-10)/60*4)/(4/(-2868))?
2, 239
Suppose 2 = -q, -2*c - 526 = 2*c + 3*q. Let w = 191 + c. Let v = w - 34. List the prime factors of v.
3
Let z(a) = 2*a**2 - 15*a - 7. Let u be z(8). List the prime factors of -24*-1*u/2.
2, 3
Let i be 3/18 - (-3558)/36. What are the prime factors of 1012/i + (-4)/18?
2, 5
Let u = -205 - -98. Let s = -63 - u. List the prime factors of s.
2, 11
Let o be -3*(-138)/(-9) - -4. Let c be o/12*(17 + -1). Let q = -37 - c. List the prime factors of q.
19
Let u(j) = 2 + 9*j + 3 - 6. Let s(z) = 10*z - 1. Let b(q) = -3*s(q) + 4*u(q). What are the prime factors of b(1)?
5
Let p = 75 + -8. Suppose -4*q = -5*q + p. What are the prime factors of q?
67
Let a(u) = -u**3 + 2*u + 132. Let m be a(0). Suppose 0 = -0*x + 2*x, -p - x - 61 = 0. Let d = m + p. What are the prime factors of d?
71
Let j = 29 + 7. Suppose 5*s + j = -s. Let t = 66 + s. List the prime factors of t.
2, 3, 5
Suppose -5*x = 4*f - 1796, -5*f + x + 4*x + 2245 = 0. List the prime factors of f.
449
Suppose 0 = 71*d - 67*d - 1424. Let y = -222 + d. List the prime factors of y.
2, 67
Suppose -5*w = -9*w - 1616. List the prime factors of (w/12 - -1)/(2/(-6)).
2, 7
Suppose 17*l - 32*l = -15330. List the prime factors of l.
2, 7, 73
Let k(c) = -1361*c - 361. What are the prime factors of k(-2)?
3, 787
Let m = 918 + -451. List the prime factors of m.
467
Let b be ((-165)/30)/(2/(-84)). Let z = 343 - b. What are the prime factors of z?
2, 7
Let l(x) = x**3 + 4*x**2 - 3*x - 3. Let w be l(3). Let o(i) = i**3 - i**2 + i + 4. Let m be o(0). Suppose w = m*g - g. List the prime factors of g.
17
Suppose -15*x + 19*x - 16 = 0. Suppose 213 = 5*n + 4*k, 5*n - 304 = x*k - 67. Suppose 2*l - 25 - n = 0. What are the prime factors of l?
5, 7
Suppose 0 = -v + 16*v - 11850. What are the prime factors of v?
2, 5, 79
Suppose 2*t - 3*r - 603 = 0, 7*r - 1195 = -4*t + 2*r. What are the prime factors of t?
2, 3, 5
Let v = 817 + 470. Suppose -3*f + 1262 = 2*h, 3*h = -0*f + 3*f - v. What are the prime factors of f/32 - 6/(-8)?
2, 7
Suppose 11256 = 64*d - 52*d. What are the prime factors of d?
2, 7, 67
Suppose -2*r + 19 = -15. Suppose 2*k + r - 127 = 0. What are the prime factors of k?
5, 11
Let l(v) = -4*v**2 - 54*v + 1. What are the prime factors of l(-13)?
3
Let a = -26 + 6. Let g(f) = -2*f - 74. Let b be g(-15). Let y = a - b. What are the prime factors of y?
2, 3
What are the prime factors of 1 - (-7 + 13) - -1419?
2, 7, 101
Let a(q) = -q**3 + 17*q**2 + 20*q - 22. Let j be a(18). Let s(t) = 22*t - 48. What are the prime factors of s(j)?
2, 5, 13
Let z = -52 - -344. What are the prime factors of z?
2, 73
Let h(c) = 2*c**2 + 16*c + 1. Let k be h(-8). What are the prime factors of 35 + k/((-3)/12)?
31
Suppose -3*r - 7*r = -19630. List the prime factors of r.
13, 151
Let n = -42 + 52. Suppose 7*t = n + 4. What are the prime factors of t?
2
Let c = -32 - -59. Suppose 0 = x + 4*i - c, 0 = i - 4. What are the prime factors of x?
11
Suppose 3*h - k + 3*k + 6 = 0, -k + 2 = -h. Let n(z) = -2 - 3*z - 4*z**2 - 297*z**3 + 292*z**3 + 1. What are the prime factors of n(h)?
29
Let z(u) = -19*u - 213. List the prime factors of z(-52).
5, 31
Suppose 0 = -4*x + 79 - 3. Let b = x + -18. What are the prime factors of 4/(-1)*(-2)/b?
2
Suppose 0 = -m + 2, 5 + 3 = 5*f + 4*m. Suppose 4*s + f*s = -3*g + 310, 0 = -4*g + s + 426. What are the prime factors of g?
2, 53
Let t(i) = 244*i**2 + 63*i + 261. List the prime factors of t(-5).
2, 3023
Let u(t) be the second derivative of t**4/6 - t**3/2 - 3*t**2 - 56*t. What are the prime factors of u(11)?
7, 29
Suppose 39*f - 1981 = 18182. List the prime factors of f.
11, 47
Let i be 2*(0 + 2 - 0). Suppose 3*j = -j + 4*x - 20, -i*x = 3*j + 15. Let h = -3 - j. What are the prime factors of h?
2
Let k be (-8)/14 - (-1)/((-21)/2319). Let a = k - -162. What are the prime factors of a?
3, 17
Let z be (32 - 16) + 5 + -1. Suppose 3*r - 5*j + 61 = r, r = -j - z. What are the prime factors of -2 - r*(-1 + 2)?
3, 7
Suppose -3*b + 264 = 2*t, 3*t - 2*t - 3*b = 150. What are the prime factors of t?
2, 3, 23
Suppose 3*g + 12 = 0, -d - 2*g - 12 = -3*d. Suppose d*k = -3*k + 110. What are the prime factors of k?
2, 11
Let x be (0 + (1 - 1))*(-18)/36. Suppose 10*h - 4*h - 300 = x. What are the prime factors of h?
2, 5
Let b = 8 - 5. Suppose 2*f - 4*f = 0. List the prime factors of b*20/2 + f.
2, 3, 5
